3*y. What is the tens digit of y?
1
Let s = -16 + 62. Let c = s - 44. Suppose -c*d + o = -145, 0 = d - o + 6*o - 89. What is the tens digit of d?
7
Suppose -s + 4*j = 0, -5*s = -2*s - 5*j. Let r be (-189)/21*(1 + s). Let w(o) = o**3 + 11*o**2 + 4*o - 10. What is the tens digit of w(r)?
1
Let x(p) = -13612*p + 194. What is the ten thousands digit of x(-3)?
4
Let r = 6776 + 502. Let a be (-2)/4 - (1 + r/(-12)). Suppose 10*y - 15*y + a = 0. What is the units digit of y?
1
Suppose -5*t - 5*h = -79135, -4*t + 57*h = 40*h - 63224. What is the hundreds digit of t?
8
Suppose -150*i + 10040 = -70*i - 75*i. What is the hundreds digit of i?
0
Suppose 4*o - 4 = 8*x - 4*x, -x + 4*o = 16. Let w(a) = 36*a**2 + 26*a - 83. What is the hundreds digit of w(x)?
5
Let a(q) be the second derivative of 1/12*q**4 - 3/2*q**2 + 17*q + 0 - 1/3*q**3. What is the units digit of a(-10)?
7
Let a = 22 - 19. What is the tens digit of 12 + -7 - -6*a?
2
Let j(i) = -3*i**3 + i**2 + 9*i - 1. Let k be j(-4). Let n = k + 165. What is the units digit of n?
6
Let d = 16089 - 2855. What is the units digit of d?
4
Let n be (42/(-7) - -5)/(1/(-1503)). Suppose -3*b + f = 5*f - n, 0 = -b - 5*f + 501. What is the tens digit of b?
0
Let d(u) = -15*u - 21. Let j be d(-2). Suppose 46 = 2*z + 5*m, -4*z + 3*m = -j*z + 115. What is the tens digit of z?
2
Let y = 140540 + -97165. What is the ten thousands digit of y?
4
Suppose 20*h + 15*h + 87*h = 3776876. What is the units digit of h?
8
What is the hundreds digit of ((-4)/5)/(91/(-1752205))?
4
Suppose 188300 = 3*f - 5*w, -5*f = -w - 391275 + 77471. What is the ten thousands digit of f?
6
Suppose 6*g - 2060 = 1006. Suppose -h = 3*q - 8*q - g, -475 = -h - 4*q. What is the hundreds digit of h?
4
Suppose 4*w + 16 = -3*o, 13*o = 10*o + 5*w + 20. Suppose o = -129*q + 137*q - 3528. What is the units digit of q?
1
Let l = 8739 - 7220. What is the thousands digit of l?
1
Let z be (2 - 9/(-3))*1. Suppose 0 = z*v - 36 - 34. Suppose -12*j = -v*j + 176. What is the units digit of j?
8
Let p = 240 + -235. Suppose -2162 = -7*n + 2*n + 4*i, 1305 = 3*n - p*i. What is the tens digit of n?
3
Let s = -196 + 202. Suppose -2*k + s*k = -u + 1886, -4*u + 2363 = 5*k. What is the tens digit of k?
7
Let u = -238 - -238. Suppose -2*p = -3*g - 1553, p - 3*g + 118 - 887 = u. What is the units digit of p?
4
Let j(z) = 33*z - 283. Let x be j(9). Suppose -x*l = -26*l + 9360. What is the tens digit of l?
8
Let b(h) be the second derivative of h**4/6 - 17*h**3/6 - h**2/2 - 9*h. Let j be b(10). Suppose 5*c - 39 = -j. What is the units digit of c?
2
Let n(c) = 15*c**3 + 7*c**2 + 3*c. Let h be n(6). Suppose -h = -50*l + 35*l. What is the units digit of l?
4
Let j(c) = c**2 - 25*c + 3. Let f be j(25). Suppose 0 = 4*u - 3*y + 14, -u = -f*y + 3 + 5. What is the units digit of 1202/10 + (-8)/20*u?
1
Let r be -12*((-8)/16)/((-2)/4). Let h be (40/r*9/(-5))/1. Suppose 2*z - h = 0, 4*f = 6*f - 5*z - 211. What is the units digit of f?
3
Let w = 522 + -519. Suppose 3*q - 1763 - 265 = 3*g, -w*g - 1349 = -2*q. What is the hundreds digit of q?
6
Suppose 431*z + 136557 = 414*z + 594673. What is the ten thousands digit of z?
2
Let f = -2504 + 3528. Suppose -u + 356 = 3*s, -u - 2*u + 2*s + f = 0. What is the hundreds digit of u?
3
Suppose 16*t - 20941 + 39824 = 114547. What is the hundreds digit of t?
9
Suppose 0 = -633*t + 11635812 + 4049295. What is the hundreds digit of t?
7
Let d(c) = -c**3 - 6*c**2 + 15*c - 8. Let r be d(-8). Suppose r = -19*t + 193 + 35. What is the tens digit of t?
1
Suppose 0 = -4*x - 4*k + 4084, -4*k + 250 = 5*x - 4858. Let s = -8 + 15. Suppose 205 - x = -s*t. What is the tens digit of t?
1
Let u be (0 - 0)/3*-1. Let j be (-14 + u)*42/12. Let a = j + 69. What is the units digit of a?
0
Let n(i) = 59*i**2 - 95*i - 68. What is the tens digit of n(-11)?
1
Let u(a) = 36*a + 21. Let y be 4*(-18)/(-96)*8. What is the units digit of u(y)?
7
Suppose 121*d - 648088 = 50*d. What is the tens digit of d?
2
Let m(l) = 87*l**2 + 11*l - 9. Let x be m(1). Suppose -6*j = -5*k - 2*j - 20, 0 = 4*j. What is the units digit of k + 2 + (-2 - 2) + x?
3
Let q be 4/(-10)*(-5)/3*6. Suppose q*y = -k + 172, -2*y + 211 + 121 = 2*k. What is the units digit of k?
4
Suppose 99*r + 177474 = 132*r. What is the thousands digit of r?
5
Suppose 335*p - 157498 = 661*p - 337*p. What is the hundreds digit of p?
3
Suppose -2*u - 4*o + 74 = 0, -3*u + 5*o = -4*u + 49. Let l = u + -23. What is the units digit of (-3)/l - 74/(-4)?
8
Let s be -1*(-224)/(-4) - 0. What is the hundreds digit of s/(-84)*(326 - -1)?
2
Suppose 262 = -5*c - 3*o, -5*c = -3*o + o + 242. What is the tens digit of ((-180)/c)/(6/100)?
6
Suppose -o = -2*u + 6, -o + 2*o = 3*u - 11. Let z be 17/o + 5/(-4). Suppose -z*p + 4 = -5. What is the units digit of p?
3
Let x = -2064 + 3113. Let q = x + -247. What is the tens digit of q?
0
Let t = 30962 + -9854. What is the thousands digit of t?
1
Let p = -482 + 1163. Suppose -p = -7*o + 691. What is the hundreds digit of o?
1
Let o(j) = 31*j**2 - 4*j + 3. Let g be o(-2). Suppose 5*i + 0*i = -d - 699, -d + g = -i. Let n = -79 - i. What is the units digit of n?
0
Suppose 0 = -8649*j + 8667*j - 865466 + 225854. What is the thousands digit of j?
5
Suppose -61*g + 11492 = -282*g. Let x = -313 - -204. Let c = g - x. What is the units digit of c?
7
Let f(s) be the first derivative of -s**3/3 + 5*s**2 - 4*s + 34. Let z be f(14). Let m = 133 + z. What is the tens digit of m?
7
Let b(h) = 2*h**2 - 22*h - 24. Let z be -1*(-6)/12*34. What is the units digit of b(z)?
0
What is the thousands digit of -3*((-97755)/63 - -15)*(-2)/(-4)?
2
Let h(w) be the third derivative of w**4/8 - 14*w**3 - 25*w**2. Let s be h(27). What is the units digit of (363/6)/(s*(-3)/18)?
1
Let n(v) = 135*v**2 + 5*v + 28. Let h be n(-3). Suppose 12*f - 10*f - h = 0. What is the tens digit of f?
1
Suppose 0 = 5*y - n + 273, 3*n + 2*n + 120 = -2*y. Let b = 36 - 18. Let j = b - y. What is the units digit of j?
3
Let p(i) = 8865*i**2 + i + 1. What is the units digit of p(1)?
7
Let x(n) = 22*n**2 - 9*n - 26. Let k = 110 + -114. What is the hundreds digit of x(k)?
3
Suppose -4*l = 0, -6*y + 5*y - 4*l + 10244 = -14057. What is the thousands digit of y?
4
Suppose 4*c = p - 5682 - 1744, 2*p + 4*c = 14816. What is the units digit of p?
4
What is the tens digit of (268*(-1)/10)/((-12)/1005)*2?
8
Suppose -v - 4*r + 430 = 0, 15*v - 872 = 13*v - 5*r. Let o = v - -80. What is the units digit of o?
6
Suppose 57130 = -765*g + 775*g. What is the units digit of g?
3
Let u be (-1)/(-1)*2 - 0. Let n(b) = -b + 25 + 22*b**2 - 12 - 12 - 4. What is the units digit of n(u)?
3
Let k(p) = 6*p + 5. Let i(z) = 7*z + 6. Let c(j) = 5*i(j) - 6*k(j). Let w be c(-1). What is the tens digit of (-4)/w*(-8 - 12)?
8
Let k = 9 + -3. Let z be (-32)/(-7) - (-5)/(70/k). Suppose -z*y + 530 = -0*y + 4*j, -3*y + 4*j + 318 = 0. What is the hundreds digit of y?
1
What is the tens digit of (253475/(-175))/(5/(-245))?
7
Let d(j) = j - 5*j - 6*j**2 - j**3 + 6 - 3*j - j. Let c be 3 - (-19)/(-7) - 116/14. What is the units digit of d(c)?
8
Suppose 40*h - 121*h + 466236 = 0. What is the units digit of h?
6
Let k(y) = 655*y + 6980. What is the tens digit of k(-6)?
5
Let z = -62 - -76. Let p(b) = -22*b - z*b - 67 + 43. What is the units digit of p(-5)?
6
Suppose 3*p - p = 0, 0 = -y - p. Suppose u - 6*u + 365 = y. What is the tens digit of u?
7
Let f(w) = w + 10. Let s be f(-7). Suppose u = s*u - 10. Suppose 5*q - 2*n - 528 = 0, 3*q = 2*q - u*n + 111. What is the tens digit of q?
0
What is the units digit of 23568 - (3 - ((-7 - -11) + 5))?
4
Suppose -5*g + 3*g = -2*l - 27266, -2*g = -3*l - 27265. What is the units digit of (-1)/(-14) + g/28?
7
Suppose 51233 = 42*y - 1111033. What is the units digit of y?
3
Let p = -60 + 4045. What is the thousands digit of p?
3
Let l(d) = 2*d**3 + d**2 + 10*d - 8. Let x = 137 + -110. Let y be (-6 - -3)*9/(x/(-4)). What is the tens digit of l(y)?
7
Let q = 289 + -286. Suppose t = -q*t + 124. What is the units digit of t?
1
Let w = -881 - -950. Suppose -w*v + 4494 = -55*v. What is the tens digit of v?
2
Let z be (108/42)/(-9) - 3608/14. Let x = z - -583. What is the hundreds digit of x?
3
Let h(d) be the second derivative of 41*d + 5/3*d**3 + 5*d**2 + 13/12*d**4 + 0. W